culate h(u).
6
Let j(q) = -q**2 - 4*q. Let r(z) = z**2 - 8*z + 12. Let p be 6/(-9)*(-18)/12. Let l be 5/p + (-8 - -8). Let d be r(l). Give j(d).
3
Suppose 9 = -r - 3*n, 2*r - 2*n - 6 = -0. Suppose -3*l = -o - 4*l, r = l - 3. Let i(f) = -f**3 - 5*f**2 - 3*f + 1. Calculate i(o).
-8
Let t(z) = -z**2 - 14. Suppose 5*u + 3*q = 20, 3*u - 12 = -11*q + 6*q. Suppose -2*w + 1 = -5. Suppose -5*j - 15 = 3*i, w*i = -u*j + 2 - 17. What is t(j)?
-14
Suppose -6 = -3*w - 4*x, -5*w + x + 12 + 21 = 0. Suppose -7*o + 10*o - 9 = 0. Let k(c) = c**3 + 2*c**3 + 2 + 2*c - w*c**o - 5*c**2 + 4*c**3. Determine k(2).
-6
Let l(z) = -15*z**2 - z + 2. Let h(v) be the first derivative of -7*v**3/3 - v**2/2 + v - 1. Let p(m) = -13*h(m) + 6*l(m). Let t = 69 + -72. Calculate p(t).
-13
Suppose -u + 312 = 2*u. Let r(a) = u - 109 + a**3 + 2*a**2 + 6*a + 5*a**2. Give r(-6).
-5
Suppose 11*h = -124*h + 1485. Let y(o) = o**3 - 12*o**2 + 11*o + 19. Calculate y(h).
19
Let o(j) = -15 + 5 + 2*j**2 + 9 + 6*j**2 - 1. Give o(-2).
30
Let n(d) be the second derivative of d**4/12 - d**3/2 - 7*d**2/2 + d. Suppose 328 = 91*u - 218. What is n(u)?
11
Let v(p) = -9*p. Let o be v(-2). Let q be (91/(-26))/((-4)/344). Let f be 4/o + q/63. Let h(x) = x**2 - 4*x - 6. Determine h(f).
-1
Let q(b) = -9*b**2 + 1. Let l = 59 - -17. Let j = l - 75. Determine q(j).
-8
Let q(d) = -d - 2. Suppose -8*a - a + 54 = 0. Let j be ((-24)/(-8))/(a/(-8)). Calculate q(j).
2
Let w(l) = -l**3 + 3*l**2. Let g = 202 + -200. Determine w(g).
4
Let l(j) = -3*j**2 - 8*j - 4. Let y(v) = -v**2 + v + 1. Let o(g) = -4*g**2 + 2. Let k(s) = -o(s) + 3*y(s). Let n(w) = -7*k(w) - 2*l(w). Determine n(-4).
5
Let a(d) = -8. Let o(p) = p - 2. Let x(w) = a(w) - 3*o(w). Let s = -10 + 3. Let c be (-2)/(-8) - s/4. Determine x(c).
-8
Let z(a) = 4*a**3 + a**2 + 2*a + 8. Let g(y) = -7*y**3 - 2*y**2 - 3*y - 17. Let r(d) = -3*g(d) - 5*z(d). Give r(0).
11
Suppose 0 = -8*d + 3*d. Suppose 0*y + 3*o = -4*y + 8, 2*y = 3*o + 4. Let t(q) = -2*q**y + 3*q**2 + 5 + 0*q**2. Give t(d).
5
Let s(d) be the second derivative of 5*d**3/6 + 3*d**2/2 + 108*d. Calculate s(-7).
-32
Let l(i) be the third derivative of -i**6/120 + i**5/15 + i**4/2 - i**3 - i**2 + 292*i. Determine l(6).
-6
Let j(w) = w**3 - 3*w**2 + 2*w - 5. Suppose -5*n + 85 = -0*n. Let l(f) = 3*f**3 - 8*f**2 + 5*f - 15. Let d(b) = n*j(b) - 6*l(b). Calculate d(-4).
5
Suppose 4*v + 21 = 7*v - 3*l, -25 = -5*v + 3*l. Let j(u) be the second derivative of 0 - 5/6*u**3 - 5*u + 0*u**v. Give j(-1).
5
Let s(j) = -j. Let u(r) = -9*r**2 - 5*r + 1. Let g(z) = 5*s(z) - u(z). Let f be g(-1). Let k(t) = t - 2 - 1 + f. Determine k(-3).
2
Let z(g) = -g**3 + 7*g**2 - 3*g - 1. Let v = -80 - -86. What is z(v)?
17
Suppose -20 = 4*c - 0*c. Let u(y) = -6 - 7 + 3 + 11 + 2 + 4*y. What is u(c)?
-17
Let n be 2*(-8 - 0)/(-4). Let p(u) = -4 - 10*u + 8 + u**2 - 1 + n. Let l be p(9). Let d(a) = a**2 + a + 2. Calculate d(l).
4
Let k(u) be the second derivative of -3*u**5/20 + u**4/6 + u**3/3 + u**2/2 - 5*u + 6. Give k(-1).
4
Suppose 289 = -d + 283. Let x(i) = i**2 + 5*i - 9. Determine x(d).
-3
Let t(k) = -k**2 - k + 10. Let a = 21 + -29. Let d be (-1 - -1)*a/(-24). Give t(d).
10
Let j(u) = 11 + u + u**3 - 11 + u**2. Let r(t) = 4*t**3 + 14*t**2 - 3*t + 9. Let o(y) = 5*j(y) - r(y). Calculate o(8).
-9
Let c(z) = 15 - 29 - 3*z + 0*z. Let k(i) = -i - 7. Let b(u) = -2*c(u) + 5*k(u). Suppose f = h + h - 11, -h + 3*f = -13. What is b(h)?
-3
Suppose -2*g - 5*a = -11, 5 = -2*g - 3*a + 6. Let d(j) be the first derivative of -j**3/3 - 7*j**2/2 - 3*j - 5. What is d(g)?
-3
Let s(g) = -2*g**2 + 9*g + 17. Let v(m) = -m**2 + 4*m + 8. Let n(o) = -o**2 + 8*o - 5. Let f be n(8). Let b(q) = f*v(q) + 2*s(q). Calculate b(6).
18
Let v(b) = -b**2 + 15*b - 15. Let c = -67 - -80. Determine v(c).
11
Let n(g) be the third derivative of -g**6/120 - 7*g**5/60 - g**4/12 + 3*g**3/2 - 49*g**2. Determine n(-7).
23
Let t(y) = y**2 + 5*y + 4. Let s(x) = x - 1. Let m(i) = 4*s(i) + t(i). What is m(-4)?
-20
Suppose 5*k = -2*m + 30, -5*k + 5*m + 40 = 10. Let b(p) = p + 9 - p**2 - 16 + 9*p - 3*p. Determine b(k).
-1
Let i(c) = -36*c**2 + 15*c + 11. Let s(j) = -17*j**2 + 7*j + 5. Let w(d) = 6*i(d) - 13*s(d). Calculate w(1).
5
Suppose 33 = -0*c + 11*c. Let a(k) = -2*k - 2. Give a(c).
-8
Let w(j) = -13*j**3 - 2*j**2 + j - 1. Let q(p) = -p**2 + 3*p + 5. Let b be q(4). What is w(b)?
-15
Suppose 0 = -5*i - 2*n - n - 1, 3*n + 10 = 4*i. Let l = -11 - -22. Let z(g) = 9*g. Let f(q) = -26*q. Let h(x) = l*z(x) + 4*f(x). Determine h(i).
-5
Let h(r) = 121*r + 2 - 222*r + 98*r. Let u = -8 - -10. Determine h(u).
-4
Let f = 1002 - 1018. Let n(d) = d + 27. Determine n(f).
11
Let h(g) = -g**3 - g. Suppose a + 1 + 23 = 5*w, a + 5*w = 26. What is h(a)?
-2
Let a(k) = -k + 3. Let w(i) = -i**2 - 2*i + 3. Let y be w(-5). Let j be ((-27)/6)/(y/16). Give a(j).
-3
Let r(w) = 35*w + 8. Let n(q) = 13*q + 3. Let i(y) = -8*n(y) + 3*r(y). What is i(7)?
7
Let k(f) = -6*f + 1. Let b(h) = 5*h - 9. Let l(g) = 4*g - 10. Let i(z) = -7*b(z) + 6*l(z). Let t(w) = 4*i(w) - 7*k(w). Determine t(5).
-5
Let i(s) be the third derivative of s**4/8 + s**3/2 + 3*s**2. Suppose 10 - 1 = -3*w. Let y be (-2)/w + (-11)/3. Give i(y).
-6
Let f(x) = -2*x + 7. Let a be (-24)/(-8) + 8*1. Suppose -3*i + a = -2*u, 0 + 4 = 2*u. What is f(i)?
-3
Let u(c) = -c + 2. Let i(t) = -16*t. Let a be i(1). Let m be ((-5)/(-4))/((-4)/a). What is u(m)?
-3
Suppose 167 = 4*o + s, 43 = o - 0*s - s. Suppose -8 = 38*x - o*x. Let n(j) = j**2 - 1. Determine n(x).
3
Let x(m) = 9*m**3 + m**2 + 3*m. Let g(s) = 2*s**3 - s**2 - 1. Let f(v) = 4*g(v) - x(v). What is f(-4)?
-8
Let l(s) be the first derivative of s**4/4 - 4*s**3/3 + s**2/2 + 2*s + 1. Suppose 59 = 2*h - 35. Let g = h - 43. Give l(g).
6
Let w(o) = 14 + 12 + 3*o + 5 - 24. Determine w(0).
7
Suppose 4*h = -16*h + 60. Let r(s) be the second derivative of -1/12*s**4 + 0 - 5/6*s**h + 3/2*s**2 + 2*s. Give r(-6).
-3
Let a(j) = j**3 + 5*j**2 + 2*j - 1. Let g(z) = -z + 1. Let c(f) = f - 1. Let b(v) = 7*c(v) + 6*g(v). Let p be b(-9). Let u be -5*4/p*-2. Give a(u).
7
Let v(j) = -j**2 + 7*j + 5. Let h(s) be the first derivative of -s**3 + 7*s**2 + 11*s - 6. Let i(g) = -2*h(g) + 5*v(g). Give i(-8).
11
Let f(a) be the first derivative of -a**3/3 - 5*a**2/2 - 6*a - 62. Calculate f(-4).
-2
Let j(d) be the third derivative of 0*d - 1/3*d**3 + 1/60*d**5 + 7/24*d**4 + 38*d**2 + 0. What is j(-8)?
6
Let l(f) = -2*f**3 - 29*f**2 + 16*f + 16. Let g be l(-15). Let b(x) = 9*x**2 - x + 2. Give b(g).
10
Let h(f) = -f**2 + 5*f + 2. Let i(m) = m**2 + 5*m - 3. Suppose -4*g = 19 - 3. Let d be i(g). Let o = -1 - d. Calculate h(o).
-4
Let j(p) be the first derivative of p**4/4 + 2*p**3/3 + p**2/2 + 27. Let b = -1 + 3. Suppose 2 = -b*x - 0*x. Determine j(x).
0
Let w(u) = 5*u**3 - 5*u**2 + 7*u - 18. Let z(r) = 4*r**3 - 4*r**2 + 5*r - 14. Let d(a) = 3*w(a) - 4*z(a). Determine d(-2).
12
Suppose 5*r = -2*c - 2, -3*c - 4*r + 69 = 65. Let a(l) = 5 - 2*l + 0*l**3 + 5*l**2 + 0*l**3 - l**3. What is a(c)?
13
Let s(f) = -4*f**2 + 1. Let g be s(-1). Let w(z) = 3*z + 4 - 40*z**3 - 4*z**2 - 4*z + 39*z**3. Calculate w(g).
-2
Suppose -16*u = -29*u + 26. Let c(s) be the first derivative of 1/4*s**4 - 1/2*s**2 + 2/3*s**3 + u*s + 4. Calculate c(-3).
-4
Let w(t) = -6*t**2 + 4*t - 2. Suppose -3*i = -z + 2, 6*z - z + i = 10. Determine w(z).
-18
Suppose -3*l = -2*c - 12, 5*c - 1 = l - 31. Let j(h) = -1795*h**2 + h + 3586*h**2 + h**3 - 1784*h**2 + 3*h. Calculate j(c).
12
Let i = -4 + -3. Let w be ((-1)/(-3))/(i/21). Let v(m) = -4*m**2 - 1 - 6*m - 11*m + 0*m**2 + 15*m. Give v(w).
-3
Suppose -5*n + 3*g + 6 = -26, -4*n - 4*g = 0. Let o = 3 + -1. Let m(d) = -2*d + o*d - 5 + 3*d. Calculate m(n).
7
Let l be (72/20)/(6/20). Suppose -2 + l = 2*w. Let a(n) = 3 + 7*n**2 - n**3 + w - n - 7 + 4. Calculate a(7).
-2
Suppose -z + 0*z + 12 = 0. Suppose z*t - 162 + 42 = 0. Let v(b) = b**2 - 9*b - 5. Give v(t).
5
Let a(h) = 2*h**2 + 0 - 4 + 2*h + 3*h. Let t = 6 + -14. Let j = -12 - t. Give a(j).
8
Let n(s) = -15*s - 73. Let u be n(-5). Let h(y) = -7*y - 1. Calculate h(u).
-15
Let w(n) = -n**3 + 17*n**2 - n + 23. Let y be w(17). Let k(s) be the second derivative of -1/12*s**4 + s**3 + 0 - 2*s**2 + s. What is k(y)?
-4
Let h be (6/(-4))/(-1) - 18/(-36). Let b(u) = 0*u - h*u + 6*u - 